{"id":10180,"date":"2021-12-27T07:07:38","date_gmt":"2021-12-27T07:07:38","guid":{"rendered":"https:\/\/theme-dev.cmsmasters.net\/doctor-22\/?page_id=10180"},"modified":"2025-11-12T14:58:27","modified_gmt":"2025-11-12T14:58:27","slug":"book-a-consultation","status":"publish","type":"page","link":"https:\/\/sonatamickute.lt\/?page_id=10180","title":{"rendered":"Book a Consultation"},"content":{"rendered":"\t\t<div data-elementor-type=\"wp-page\" data-elementor-id=\"10180\" class=\"elementor elementor-10180\">\n\t\t\t\t\t\t<section class=\"elementor-section elementor-top-section elementor-element elementor-element-7aac1ff elementor-section-content-middle elementor-section-boxed elementor-section-height-default elementor-section-height-default cmsmasters-block-default\" data-id=\"7aac1ff\" data-element_type=\"section\" data-settings=\"{&quot;background_background&quot;:&quot;classic&quot;}\">\n\t\t\t\t\t\t\t<div class=\"elementor-background-overlay\"><\/div>\n\t\t\t\t\t\t\t<div class=\"elementor-container elementor-column-gap-no\">\n\t\t\t\t\t<div class=\"elementor-column elementor-col-100 elementor-top-column elementor-element elementor-element-0fb8a74\" data-id=\"0fb8a74\" data-element_type=\"column\">\n\t\t\t<div class=\"elementor-widget-wrap elementor-element-populated\">\n\t\t\t\t\t\t<div class=\"elementor-element elementor-element-9d4043d elementor-widget__width-initial elementor-absolute elementor-widget-tablet__width-initial elementor-widget-mobile__width-initial cmsmasters-block-default cmsmasters-sticky-default elementor-widget elementor-widget-image\" data-id=\"9d4043d\" data-element_type=\"widget\" data-settings=\"{&quot;_position&quot;:&quot;absolute&quot;}\" data-widget_type=\"image.default\">\n\t\t\t\t\t\t\t\t\t\t\t\t\t\t\t<img decoding=\"async\" width=\"139\" height=\"138\" src=\"https:\/\/sonatamickute.lt\/wp-content\/uploads\/2021\/12\/home-back-10.png\" class=\"attachment-full size-full wp-image-10255\" alt=\"\" srcset=\"https:\/\/sonatamickute.lt\/wp-content\/uploads\/2021\/12\/home-back-10.png 139w, https:\/\/sonatamickute.lt\/wp-content\/uploads\/2021\/12\/home-back-10-100x100.png 100w, https:\/\/sonatamickute.lt\/wp-content\/uploads\/2021\/12\/home-back-10-30x30.png 30w, https:\/\/sonatamickute.lt\/wp-content\/uploads\/2021\/12\/home-back-10-10x10.png 10w\" sizes=\"(max-width: 139px) 100vw, 139px\" \/>\t\t\t\t\t\t\t\t\t\t\t\t\t\t\t<\/div>\n\t\t\t\t<div class=\"elementor-element elementor-element-c0b14ea elementor-widget__width-initial elementor-absolute cmsmasters-block-default cmsmasters-sticky-default elementor-widget elementor-widget-image\" data-id=\"c0b14ea\" data-element_type=\"widget\" data-settings=\"{&quot;_position&quot;:&quot;absolute&quot;}\" data-widget_type=\"image.default\">\n\t\t\t\t\t\t\t\t\t\t\t\t\t\t\t<img decoding=\"async\" width=\"124\" height=\"122\" src=\"https:\/\/sonatamickute.lt\/wp-content\/uploads\/2023\/10\/home-back-3.png\" class=\"attachment-full size-full wp-image-29409\" alt=\"\" srcset=\"https:\/\/sonatamickute.lt\/wp-content\/uploads\/2023\/10\/home-back-3.png 124w, https:\/\/sonatamickute.lt\/wp-content\/uploads\/2023\/10\/home-back-3-30x30.png 30w, https:\/\/sonatamickute.lt\/wp-content\/uploads\/2023\/10\/home-back-3-10x10.png 10w\" sizes=\"(max-width: 124px) 100vw, 124px\" \/>\t\t\t\t\t\t\t\t\t\t\t\t\t\t\t<\/div>\n\t\t\t\t<section class=\"elementor-section elementor-inner-section elementor-element elementor-element-78d49a0 elementor-section-full_width elementor-section-height-default elementor-section-height-default cmsmasters-block-default\" data-id=\"78d49a0\" data-element_type=\"section\">\n\t\t\t\t\t\t<div class=\"elementor-container elementor-column-gap-wide\">\n\t\t\t\t\t<div class=\"elementor-column elementor-col-50 elementor-inner-column elementor-element elementor-element-b007cce\" data-id=\"b007cce\" data-element_type=\"column\">\n\t\t\t<div class=\"elementor-widget-wrap elementor-element-populated\">\n\t\t\t\t\t\t<div class=\"elementor-element elementor-element-ebc77c4 cmsmasters-block-default cmsmasters-sticky-default elementor-widget elementor-widget-image\" data-id=\"ebc77c4\" data-element_type=\"widget\" data-widget_type=\"image.default\">\n\t\t\t\t\t\t\t\t\t\t\t\t\t\t\t<img fetchpriority=\"high\" decoding=\"async\" width=\"1024\" height=\"1024\" src=\"https:\/\/sonatamickute.lt\/wp-content\/uploads\/2025\/10\/kede.png\" class=\"attachment-large size-large wp-image-29847\" alt=\"\" srcset=\"https:\/\/sonatamickute.lt\/wp-content\/uploads\/2025\/10\/kede.png 1024w, https:\/\/sonatamickute.lt\/wp-content\/uploads\/2025\/10\/kede-300x300.png 300w, https:\/\/sonatamickute.lt\/wp-content\/uploads\/2025\/10\/kede-150x150.png 150w, https:\/\/sonatamickute.lt\/wp-content\/uploads\/2025\/10\/kede-768x768.png 768w, https:\/\/sonatamickute.lt\/wp-content\/uploads\/2025\/10\/kede-260x260.png 260w, https:\/\/sonatamickute.lt\/wp-content\/uploads\/2025\/10\/kede-600x600.png 600w, https:\/\/sonatamickute.lt\/wp-content\/uploads\/2025\/10\/kede-100x100.png 100w\" sizes=\"(max-width: 1024px) 100vw, 1024px\" \/>\t\t\t\t\t\t\t\t\t\t\t\t\t\t\t<\/div>\n\t\t\t\t\t<\/div>\n\t\t<\/div>\n\t\t\t\t<div class=\"elementor-column elementor-col-50 elementor-inner-column elementor-element elementor-element-5905920\" data-id=\"5905920\" data-element_type=\"column\">\n\t\t\t<div class=\"elementor-widget-wrap elementor-element-populated\">\n\t\t\t\t\t\t<div class=\"elementor-element elementor-element-50cfc9c cmsmasters-block-default cmsmasters-sticky-default elementor-widget elementor-widget-text-editor\" data-id=\"50cfc9c\" data-element_type=\"widget\" data-widget_type=\"text-editor.default\">\n\t\t\t\t\t\t\t\t\t<h2><span>Registruotis<\/span><span style=\"color: #808000;\"> Sesijai<\/span><\/h2>\t\t\t\t\t\t\t\t<\/div>\n\t\t\t\t<div class=\"elementor-element elementor-element-da655ba cmsmasters-block-default cmsmasters-sticky-default elementor-widget elementor-widget-heading\" data-id=\"da655ba\" data-element_type=\"widget\" data-widget_type=\"heading.default\">\n\t\t\t\t\t<p class=\"elementor-heading-title elementor-size-default\">Nedidelis \u017eingsnis \u0161iandien gali atne\u0161ti ramyb\u0119 rytoj.<\/p>\t\t\t\t<\/div>\n\t\t\t\t<div class=\"elementor-element elementor-element-34328e2 cmsmasters-block-default cmsmasters-sticky-default elementor-widget elementor-widget-cmsmasters-contact-form-seven\" data-id=\"34328e2\" data-element_type=\"widget\" data-settings=\"{&quot;form_list&quot;:29888}\" data-widget_type=\"cmsmasters-contact-form-seven.default\">\n\t\t\t\t\t<div class=\"elementor-widget-cmsmasters-contact-form__wrapper elementor-widget-cmsmasters-contact-form\" id=\"cmsmasters-widget-form-34328e2\">\r\n\t\t\t<div class=\"elementor-widget-cmsmasters-contact-form__inner\">\n<div class=\"wpcf7 no-js\" id=\"wpcf7-f29888-p10180-o1\" lang=\"en-US\" dir=\"ltr\" data-wpcf7-id=\"29888\">\n<div class=\"screen-reader-response\"><p role=\"status\" aria-live=\"polite\" aria-atomic=\"true\"><\/p> <ul><\/ul><\/div>\n<form action=\"\/?page_id=10180#wpcf7-f29888-p10180-o1\" method=\"post\" class=\"wpcf7-form init\" aria-label=\"Contact form\" novalidate=\"novalidate\" data-status=\"init\">\n<fieldset class=\"hidden-fields-container\"><input type=\"hidden\" name=\"_wpcf7\" value=\"29888\" \/><input type=\"hidden\" name=\"_wpcf7_version\" value=\"6.1.4\" \/><input type=\"hidden\" name=\"_wpcf7_locale\" value=\"en_US\" \/><input type=\"hidden\" name=\"_wpcf7_unit_tag\" value=\"wpcf7-f29888-p10180-o1\" \/><input type=\"hidden\" name=\"_wpcf7_container_post\" value=\"10180\" \/><input type=\"hidden\" name=\"_wpcf7_posted_data_hash\" value=\"\" \/>\n<\/fieldset>\n<p><label> Vardas<br \/>\n<span class=\"wpcf7-form-control-wrap\" data-name=\"your-name\"><input size=\"40\" maxlength=\"400\" class=\"wpcf7-form-control wpcf7-text wpcf7-validates-as-required\" autocomplete=\"name\" aria-required=\"true\" aria-invalid=\"false\" value=\"\" type=\"text\" name=\"your-name\" \/><\/span> <\/label>\n<\/p>\n<p><label> El.Pa\u0161tas<br \/>\n<span class=\"wpcf7-form-control-wrap\" data-name=\"your-email\"><input size=\"40\" maxlength=\"400\" class=\"wpcf7-form-control wpcf7-email wpcf7-validates-as-required wpcf7-text wpcf7-validates-as-email\" autocomplete=\"email\" aria-required=\"true\" aria-invalid=\"false\" value=\"\" type=\"email\" name=\"your-email\" \/><\/span> <\/label>\n<\/p>\n<p><label> Tema<br \/>\n<span class=\"wpcf7-form-control-wrap\" data-name=\"your-subject\"><input size=\"40\" maxlength=\"400\" class=\"wpcf7-form-control wpcf7-text wpcf7-validates-as-required\" aria-required=\"true\" aria-invalid=\"false\" value=\"\" type=\"text\" name=\"your-subject\" \/><\/span> <\/label>\n<\/p>\n<p><label> \u017dinut\u0117<br \/>\n<span class=\"wpcf7-form-control-wrap\" data-name=\"your-message\"><textarea cols=\"40\" rows=\"10\" maxlength=\"2000\" class=\"wpcf7-form-control wpcf7-textarea\" aria-invalid=\"false\" name=\"your-message\"><\/textarea><\/span> <\/label>\n<\/p>\n<p><input class=\"wpcf7-form-control wpcf7-submit has-spinner\" type=\"submit\" value=\"Si\u0173sti\" \/>\n<\/p><div class=\"wpcf7-response-output\" aria-hidden=\"true\"><\/div>\n<\/form>\n<\/div>\n<\/div>\r\n\t\t<\/div>\t\t\t\t<\/div>\n\t\t\t\t\t<\/div>\n\t\t<\/div>\n\t\t\t\t\t<\/div>\n\t\t<\/section>\n\t\t\t\t\t<\/div>\n\t\t<\/div>\n\t\t\t\t\t<\/div>\n\t\t<\/section>\n\t\t\t\t<\/div>\n\t\t","protected":false},"excerpt":{"rendered":"<p>Registruotis Sesijai Nedidelis \u017eingsnis \u0161iandien gali atne\u0161ti ramyb\u0119 rytoj.<\/p>\n","protected":false},"author":1,"featured_media":0,"parent":0,"menu_order":0,"comment_status":"closed","ping_status":"closed","template":"","meta":{"_acf_changed":false,"pmpro_default_level":"","footnotes":""},"class_list":["post-10180","page","type-page","status-publish","hentry","pmpro-has-access"],"acf":[],"_links":{"self":[{"href":"https:\/\/sonatamickute.lt\/index.php?rest_route=\/wp\/v2\/pages\/10180","targetHints":{"allow":["GET"]}}],"collection":[{"href":"https:\/\/sonatamickute.lt\/index.php?rest_route=\/wp\/v2\/pages"}],"about":[{"href":"https:\/\/sonatamickute.lt\/index.php?rest_route=\/wp\/v2\/types\/page"}],"author":[{"embeddable":true,"href":"https:\/\/sonatamickute.lt\/index.php?rest_route=\/wp\/v2\/users\/1"}],"replies":[{"embeddable":true,"href":"https:\/\/sonatamickute.lt\/index.php?rest_route=%2Fwp%2Fv2%2Fcomments&post=10180"}],"version-history":[{"count":25,"href":"https:\/\/sonatamickute.lt\/index.php?rest_route=\/wp\/v2\/pages\/10180\/revisions"}],"predecessor-version":[{"id":29898,"href":"https:\/\/sonatamickute.lt\/index.php?rest_route=\/wp\/v2\/pages\/10180\/revisions\/29898"}],"wp:attachment":[{"href":"https:\/\/sonatamickute.lt\/index.php?rest_route=%2Fwp%2Fv2%2Fmedia&parent=10180"}],"curies":[{"name":"wp","href":"https:\/\/api.w.org\/{rel}","templated":true}]}}